{"id":258,"date":"2018-01-22T10:17:40","date_gmt":"2018-01-22T14:17:40","guid":{"rendered":"http:\/\/ayuntamiento.o\/transparencia\/?page_id=258"},"modified":"2026-01-12T12:22:50","modified_gmt":"2026-01-12T16:22:50","slug":"responsable-de-acceso-a-la-informacion","status":"publish","type":"page","link":"https:\/\/ayuntamientoarenoso.gob.do\/transparencia\/responsable-de-acceso-a-la-informacion\/","title":{"rendered":"Responsable de Acceso a la Informaci\u00f3n"},"content":{"rendered":"\n<figure class=\"wp-block-image size-full is-resized\"><img loading=\"lazy\" src=\"http:\/\/ayuntamientoarenoso.gob.do\/transparencia\/wp-content\/uploads\/2022\/04\/598ab425-7010-40e9-a6d3-ebb8f71d32d1-edited.jpg\" alt=\"\" class=\"wp-image-399\" width=\"166\" height=\"261\" srcset=\"https:\/\/ayuntamientoarenoso.gob.do\/transparencia\/wp-content\/uploads\/2022\/04\/598ab425-7010-40e9-a6d3-ebb8f71d32d1-edited.jpg 326w, https:\/\/ayuntamientoarenoso.gob.do\/transparencia\/wp-content\/uploads\/2022\/04\/598ab425-7010-40e9-a6d3-ebb8f71d32d1-edited-250x393.jpg 250w, https:\/\/ayuntamientoarenoso.gob.do\/transparencia\/wp-content\/uploads\/2022\/04\/598ab425-7010-40e9-a6d3-ebb8f71d32d1-edited-120x188.jpg 120w\" sizes=\"(max-width: 166px) 100vw, 166px\" \/><\/figure>\n\n\n\n<p><strong>Sr.<\/strong> <strong>Raysi Nu\u00f1ez Amparo<\/strong><\/p>\n<p><strong>Contactos:<\/strong><\/p>\n<p>Tel\u00e9fono: 829-205-4410<\/p>\n<p>Correo Electr\u00f3nico: amparoraysi31@gmail.com<\/p>\n","protected":false},"excerpt":{"rendered":"Sr. Raysi Nu\u00f1ez Amparo Contactos: Tel\u00e9fono: 829-205-4410 Correo Electr\u00f3nico: amparoraysi31@gmail.com","protected":false},"author":3,"featured_media":0,"parent":0,"menu_order":0,"comment_status":"closed","ping_status":"closed","template":"","meta":[],"acf":[],"_links":{"self":[{"href":"https:\/\/ayuntamientoarenoso.gob.do\/transparencia\/wp-json\/wp\/v2\/pages\/258"}],"collection":[{"href":"https:\/\/ayuntamientoarenoso.gob.do\/transparencia\/wp-json\/wp\/v2\/pages"}],"about":[{"href":"https:\/\/ayuntamientoarenoso.gob.do\/transparencia\/wp-json\/wp\/v2\/types\/page"}],"author":[{"embeddable":true,"href":"https:\/\/ayuntamientoarenoso.gob.do\/transparencia\/wp-json\/wp\/v2\/users\/3"}],"replies":[{"embeddable":true,"href":"https:\/\/ayuntamientoarenoso.gob.do\/transparencia\/wp-json\/wp\/v2\/comments?post=258"}],"version-history":[{"count":15,"href":"https:\/\/ayuntamientoarenoso.gob.do\/transparencia\/wp-json\/wp\/v2\/pages\/258\/revisions"}],"predecessor-version":[{"id":695,"href":"https:\/\/ayuntamientoarenoso.gob.do\/transparencia\/wp-json\/wp\/v2\/pages\/258\/revisions\/695"}],"wp:attachment":[{"href":"https:\/\/ayuntamientoarenoso.gob.do\/transparencia\/wp-json\/wp\/v2\/media?parent=258"}],"curies":[{"name":"wp","href":"https:\/\/api.w.org\/{rel}","templated":true}]}}